{"id":96,"date":"2023-03-27T17:39:23","date_gmt":"2023-03-27T17:39:23","guid":{"rendered":"https:\/\/fondazionefilippofattori.it\/?page_id=96"},"modified":"2025-04-07T16:22:36","modified_gmt":"2025-04-07T16:22:36","slug":"chi-siamo","status":"publish","type":"page","link":"https:\/\/fondazionefilippofattori.it\/index.php\/chi-siamo\/","title":{"rendered":"Chi Siamo"},"content":{"rendered":"<p>[et_pb_section fb_built=&#8221;1&#8243; admin_label=&#8221;Header&#8221; _builder_version=&#8221;4.20.2&#8243; _module_preset=&#8221;default&#8221; use_background_color_gradient=&#8221;on&#8221; background_color_gradient_direction=&#8221;90deg&#8221; background_color_gradient_stops=&#8221;#ffffff 0%|rgba(255,255,255,0.8) 100%&#8221; background_color_gradient_overlays_image=&#8221;on&#8221; background_color_gradient_start=&#8221;#ffffff&#8221; background_color_gradient_end=&#8221;rgba(255,255,255,0.8)&#8221; background_image=&#8221;https:\/\/fondazionefilippofattori.it\/wp-content\/uploads\/2023\/03\/background.jpg&#8221; custom_padding=&#8221;6vw||6vw||true|false&#8221; locked=&#8221;off&#8221; global_colors_info=&#8221;{}&#8221;][et_pb_row column_structure=&#8221;2_5,3_5&#8243; use_custom_gutter=&#8221;on&#8221; make_equal=&#8221;on&#8221; _builder_version=&#8221;4.20.2&#8243; _module_preset=&#8221;default&#8221; background_enable_color=&#8221;off&#8221; positioning=&#8221;absolute&#8221; width=&#8221;100%&#8221; max_width=&#8221;none&#8221; height=&#8221;100%&#8221; custom_padding=&#8221;0px||0px||true|false&#8221; global_colors_info=&#8221;{}&#8221;][et_pb_column type=&#8221;2_5&#8243; _builder_version=&#8221;4.16&#8243; _module_preset=&#8221;default&#8221; global_colors_info=&#8221;{}&#8221;][\/et_pb_column][et_pb_column type=&#8221;3_5&#8243; _builder_version=&#8221;4.16&#8243; _module_preset=&#8221;default&#8221; global_colors_info=&#8221;{}&#8221;][\/et_pb_column][\/et_pb_row][et_pb_row column_structure=&#8221;1_3,2_3&#8243; admin_label=&#8221;Riga&#8221; _builder_version=&#8221;4.16&#8243; _module_preset=&#8221;default&#8221; global_colors_info=&#8221;{}&#8221;][et_pb_column type=&#8221;1_3&#8243; _builder_version=&#8221;4.16&#8243; _module_preset=&#8221;default&#8221; global_colors_info=&#8221;{}&#8221;][\/et_pb_column][et_pb_column type=&#8221;2_3&#8243; _builder_version=&#8221;4.16&#8243; _module_preset=&#8221;default&#8221; global_colors_info=&#8221;{}&#8221;][et_pb_text admin_label=&#8221;Chi siamo&#8221; _builder_version=&#8221;4.21.0&#8243; _module_preset=&#8221;6ca64ecf-fbe3-4428-b1e8-65745f623d5d&#8221; text_font=&#8221;Montserrat||||||||&#8221; text_text_color=&#8221;#000000&#8243; header_font=&#8221;Poppins|700|||||||&#8221; header_text_color=&#8221;#233D70&#8243; header_font_size=&#8221;70px&#8221; header_line_height=&#8221;1.2em&#8221; text_orientation=&#8221;right&#8221; text_font_last_edited=&#8221;off|desktop&#8221; header_font_size_tablet=&#8221;40px&#8221; header_font_size_phone=&#8221;25px&#8221; header_font_size_last_edited=&#8221;on|phone&#8221; locked=&#8221;off&#8221; global_colors_info=&#8221;{}&#8221;]<\/p>\n<h1>Chi siamo<\/h1>\n<p>[\/et_pb_text][\/et_pb_column][\/et_pb_row][\/et_pb_section][et_pb_section fb_built=&#8221;1&#8243; _builder_version=&#8221;4.20.2&#8243; _module_preset=&#8221;default&#8221; locked=&#8221;off&#8221; global_colors_info=&#8221;{}&#8221;][et_pb_row admin_label=&#8221;Sezione notizie&#8221; _builder_version=&#8221;4.21.0&#8243; _module_preset=&#8221;default&#8221; global_colors_info=&#8221;{}&#8221;][et_pb_column type=&#8221;4_4&#8243; _builder_version=&#8221;4.20.2&#8243; _module_preset=&#8221;default&#8221; global_colors_info=&#8221;{}&#8221;][et_pb_text admin_label=&#8221;Titolo&#8221; _builder_version=&#8221;4.21.0&#8243; _module_preset=&#8221;default&#8221; text_font=&#8221;Lora||||||||&#8221; text_text_color=&#8221;#A7826A&#8221; text_font_size=&#8221;16px&#8221; header_2_font=&#8221;Poppins||||||||&#8221; header_2_text_color=&#8221;#A7826A&#8221; header_2_font_size=&#8221;28px&#8221; header_3_font=&#8221;Lora||||||||&#8221; header_3_text_color=&#8221;#A7826A&#8221; global_colors_info=&#8221;{}&#8221;]<\/p>\n<h2>Notizie sulla Fondazione<\/h2>\n<p>[\/et_pb_text][et_pb_text admin_label=&#8221;Corpo&#8221; _builder_version=&#8221;4.21.0&#8243; _module_preset=&#8221;default&#8221; text_font=&#8221;Montserrat||||||||&#8221; text_text_color=&#8221;#233D70&#8243; text_font_size=&#8221;18px&#8221; hover_enabled=&#8221;0&#8243; global_colors_info=&#8221;{}&#8221; sticky_enabled=&#8221;0&#8243;]<\/p>\n<p class=\"p1\" style=\"text-align: justify;\">La Fondazione si \u00e8 costituita nell&#8217;anno 1990 con atto Notaio D&#8217;Ovidio; nell&#8217;anno 1991 ha ottenuto il riconoscimento dallo Stato e successivamente la qualifica di O.N.L.U.S. e in base alla recente normativa ha assunto la figura di E.T.S. regolarmente iscritta al RUTS<\/p>\n<p class=\"p1\" style=\"text-align: justify;\">Nell&#8217;anno 1993 ha bandito una Borsa di studio di L. 12.000.000 in favore di un giovane ricercatore nell&#8217;ambito delle malattie neuromuscolari ed in particolare della patogenesi delle distrofie muscolari.<\/p>\n<p class=\"p1\" style=\"text-align: justify;\">Il Premio \u00e8 stato assegnato nell&#8217;Aprile 1993 in occasione di un Convegno su &#8220;Moderna Diagnostica delle malattie neuromuscolari&#8221;, diretto dal Prof. Franco Angeleri e Prof. Leandro Provinciali della Clinica Neurologica dell&#8217;Universit\u00e0 di Ancona e dal Prof. Guglielmo Scarlato Direttore dell&#8217;Istituto di Clinica Neurologica dell&#8217;Universit\u00e0 di Milano.<\/p>\n<p class=\"p1\" style=\"text-align: justify;\">Si sta provvedendo per la riedizione del Convegno ed assegnazione di Borsa di Studio.<\/p>\n<p class=\"p1\" style=\"text-align: justify;\">Altra attivit\u00e0 \u00e8 stata diretta alla assegnazione di <strong>premi per studenti portatori di affezioni di natura neurologica, segnatamente di distrofie muscolari, che abbiano frequentato con profitto e volont\u00e0 encomiabili ogni ordine di scuole, medie inferiori e superiori<\/strong>: nella Provincia di Pesaro.<\/p>\n<p class=\"p1\" style=\"text-align: justify;\">Tale forma di attivit\u00e0 si \u00e8 poi attestata come la principale perch\u00e9 ha riscosso notevole apprezzamento da parte degli studenti premiati, delle famiglie e degli organi scolastici.<\/p>\n<p class=\"p1\" style=\"text-align: justify;\">Per molti anni la consegna dei premi \u00e8 stata fatta in presenza nella <strong>sede della Fondazione<\/strong> dove sono affluiti gli studenti premiati &#8211; <strong>ogni anno fra 50 e 60 studenti<\/strong> &#8211; accompagnati da uno pi\u00f9 famigliari; in questa occasione si \u00e8 avuta testimonianza di gratitudine e soddisfazione sia da parte degli studenti sia da parte dei famigliari.<\/p>\n<p class=\"p1\" style=\"text-align: justify;\">Negli ultimi anni, a partire dall&#8217;anno 2020, a seguito della pandemia la premiazione in presenza \u00e8 stata sospesa ed i premi sono stati consegnati agli Istituto scolastici.<\/p>\n<p>Sabato 14 Dicembre 2024 sono stati consegnati i premi agli studenti affetti da patologia di natura neurologica e meritevoli per i risultati scolastici conseguiti durante l&#8217;anno scolastico 2022\/2023. 44 Studenti accompagnati da parenti ed amici sono stati accolti nei locali della Fondazione dalla presidente Dott. Luciana Marcelli Fattori che, dopo un breve saluto, ha premiato singolarmente i bravi studenti. Parole di ringraziamento sono state rivolte alla Dott. Luciana Marcelli Fattori da parte dei genitori degli studenti premiati.<\/p>\n<p class=\"p1\" style=\"text-align: justify;\">[\/et_pb_text][\/et_pb_column][\/et_pb_row][et_pb_row column_structure=&#8221;1_3,1_3,1_3&#8243; _builder_version=&#8221;4.20.2&#8243; _module_preset=&#8221;default&#8221; global_colors_info=&#8221;{}&#8221;][et_pb_column type=&#8221;1_3&#8243; _builder_version=&#8221;4.20.2&#8243; _module_preset=&#8221;default&#8221; global_colors_info=&#8221;{}&#8221;][et_pb_text content_tablet=&#8221;<\/p>\n<h1 style=%22text-align: center;%22><strong>Pubblicazione dell&#8217;atto costitutivo <\/strong><\/h1>\n<p>&#8221; content_phone=&#8221;<\/p>\n<h1 style=%22text-align: center;%22><strong>Consulta la pubblicazione dell&#8217;atto costitutivo <\/strong><\/h1>\n<p>&#8221; content_last_edited=&#8221;on|phone&#8221; admin_label=&#8221;Pubblicazione dell&#8217;atto costitutivo&#8221; _builder_version=&#8221;4.21.0&#8243; _module_preset=&#8221;default&#8221; text_font=&#8221;Lora||||||||&#8221; text_text_color=&#8221;#A7826A&#8221; header_font=&#8221;Poppins||||||||&#8221; header_text_color=&#8221;#A7826A&#8221; header_font_size=&#8221;26px&#8221; header_2_font=&#8221;Lora||||||||&#8221; header_2_text_color=&#8221;#A7826A&#8221; header_2_font_size=&#8221;28px&#8221; header_3_font=&#8221;Lora||||||||&#8221; header_3_text_color=&#8221;#A7826A&#8221; height=&#8221;80px&#8221; header_font_size_tablet=&#8221;26px&#8221; header_font_size_phone=&#8221;18px&#8221; header_font_size_last_edited=&#8221;on|desktop&#8221; global_colors_info=&#8221;{}&#8221;]<\/p>\n<h1 style=\"text-align: center;\">Pubblicazione dell&#8217;atto costitutivo<\/h1>\n<p>[\/et_pb_text][et_pb_image src=&#8221;https:\/\/fondazionefilippofattori.it\/wp-content\/uploads\/2023\/03\/pubblicazione-dell-atto.png&#8221; title_text=&#8221;pubblicazione-dell-atto&#8221; url=&#8221;https:\/\/fondazionefilippofattori.it\/wp-content\/uploads\/2023\/03\/pubblicazione-dellatto-costitutivo.pdf&#8221; url_new_window=&#8221;on&#8221; use_overlay=&#8221;on&#8221; hover_overlay_color=&#8221;rgba(0,0,0,0)&#8221; align=&#8221;center&#8221; _builder_version=&#8221;4.20.2&#8243; _module_preset=&#8221;default&#8221; custom_padding=&#8221;20px|20px|20px|20px|false|false&#8221; border_radii=&#8221;on|4px|4px|4px|4px&#8221; global_colors_info=&#8221;{}&#8221;][\/et_pb_image][\/et_pb_column][et_pb_column type=&#8221;1_3&#8243; _builder_version=&#8221;4.20.2&#8243; _module_preset=&#8221;default&#8221; global_colors_info=&#8221;{}&#8221;][et_pb_text content_tablet=&#8221;<\/p>\n<h1 style=%22text-align: center;%22><strong>Statuto e Regolamento<\/strong><\/h1>\n<p>&#8221; content_phone=&#8221;<\/p>\n<h1 style=%22text-align: center;%22><strong>Statuto e Regolamento<\/strong><\/h1>\n<p>&#8221; content_last_edited=&#8221;on|phone&#8221; admin_label=&#8221;Statuto e regolamento&#8221; _builder_version=&#8221;4.21.0&#8243; _module_preset=&#8221;default&#8221; text_font=&#8221;Lora||||||||&#8221; text_text_color=&#8221;#A7826A&#8221; header_font=&#8221;Poppins||||||||&#8221; header_text_color=&#8221;#A7826A&#8221; header_font_size=&#8221;26px&#8221; header_2_font=&#8221;Lora||||||||&#8221; header_2_text_color=&#8221;#A7826A&#8221; header_2_font_size=&#8221;28px&#8221; header_3_font=&#8221;Lora||||||||&#8221; header_3_text_color=&#8221;#A7826A&#8221; height=&#8221;80px&#8221; header_font_size_tablet=&#8221;26px&#8221; header_font_size_phone=&#8221;18px&#8221; header_font_size_last_edited=&#8221;on|desktop&#8221; global_colors_info=&#8221;{}&#8221;]<\/p>\n<h1 style=\"text-align: center;\">Statuto e Regolamento<\/h1>\n<p>[\/et_pb_text][et_pb_image src=&#8221;https:\/\/fondazionefilippofattori.it\/wp-content\/uploads\/2023\/03\/statuto-e-regolamento-1.png&#8221; title_text=&#8221;statuto-e-regolamento&#8221; url=&#8221;https:\/\/fondazionefilippofattori.it\/wp-content\/uploads\/2023\/03\/statuto-e-regolamento.pdf&#8221; url_new_window=&#8221;on&#8221; use_overlay=&#8221;on&#8221; hover_overlay_color=&#8221;rgba(0,0,0,0)&#8221; align=&#8221;center&#8221; _builder_version=&#8221;4.20.4&#8243; _module_preset=&#8221;default&#8221; custom_padding=&#8221;20px|20px|20px|20px|false|false&#8221; border_radii=&#8221;on|4px|4px|4px|4px&#8221; global_colors_info=&#8221;{}&#8221;][\/et_pb_image][\/et_pb_column][et_pb_column type=&#8221;1_3&#8243; _builder_version=&#8221;4.20.2&#8243; _module_preset=&#8221;default&#8221; global_colors_info=&#8221;{}&#8221;][et_pb_text content_tablet=&#8221;<\/p>\n<h1 style=%22text-align: center;%22><strong>Statuto e Regolamento<\/strong><\/h1>\n<p>&#8221; content_phone=&#8221;<\/p>\n<h1 style=%22text-align: center;%22><strong>Statuto e Regolamento<\/strong><\/h1>\n<p>&#8221; content_last_edited=&#8221;on|phone&#8221; admin_label=&#8221;Organigramma&#8221; _builder_version=&#8221;4.20.4&#8243; _module_preset=&#8221;default&#8221; text_font=&#8221;Lora||||||||&#8221; text_text_color=&#8221;#A7826A&#8221; header_font=&#8221;Poppins||||||||&#8221; header_text_color=&#8221;#A7826A&#8221; header_font_size=&#8221;26px&#8221; header_2_font=&#8221;Lora||||||||&#8221; header_2_text_color=&#8221;#A7826A&#8221; header_2_font_size=&#8221;28px&#8221; header_3_font=&#8221;Lora||||||||&#8221; header_3_text_color=&#8221;#A7826A&#8221; height=&#8221;80px&#8221; header_font_size_tablet=&#8221;26px&#8221; header_font_size_phone=&#8221;18px&#8221; header_font_size_last_edited=&#8221;on|desktop&#8221; global_colors_info=&#8221;{}&#8221;]<\/p>\n<h1 style=\"text-align: center;\">Organigramma<\/h1>\n<p>[\/et_pb_text][et_pb_image src=&#8221;https:\/\/fondazionefilippofattori.it\/wp-content\/uploads\/2023\/05\/organigramma-248&#215;300.png&#8221; title_text=&#8221;organigramma&#8221; url=&#8221;https:\/\/fondazionefilippofattori.it\/wp-content\/uploads\/2025\/02\/organigramma.pdf&#8221; url_new_window=&#8221;on&#8221; use_overlay=&#8221;on&#8221; hover_overlay_color=&#8221;rgba(0,0,0,0)&#8221; align=&#8221;center&#8221; force_fullwidth=&#8221;on&#8221; admin_label=&#8221;Immagine&#8221; _builder_version=&#8221;4.21.0&#8243; _module_preset=&#8221;default&#8221; custom_padding=&#8221;20px|20px|20px|20px|false|false&#8221; border_radii=&#8221;on|4px|4px|4px|4px&#8221; global_colors_info=&#8221;{}&#8221;][\/et_pb_image][\/et_pb_column][\/et_pb_row][\/et_pb_section]<\/p>\n","protected":false},"excerpt":{"rendered":"<p>Chi siamoNotizie sulla FondazioneLa Fondazione si \u00e8 costituita nell&#8217;anno 1990 con atto Notaio D&#8217;Ovidio; nell&#8217;anno 1991 ha ottenuto il riconoscimento dallo Stato e successivamente la qualifica di O.N.L.U.S. e in base alla recente normativa ha assunto la figura di E.T.S. regolarmente iscritta al RUTS Nell&#8217;anno 1993 ha bandito una Borsa di studio di L. 12.000.000 [&hellip;]<\/p>\n","protected":false},"author":1,"featured_media":0,"parent":0,"menu_order":0,"comment_status":"closed","ping_status":"closed","template":"","meta":{"_et_pb_use_builder":"on","_et_pb_old_content":"<!-- wp:paragraph -->\r\n<p>This is an example page. It's different from a blog post because it will stay in one place and will show up in your site navigation (in most themes). Most people start with an About page that introduces them to potential site visitors. It might say something like this:<\/p>\r\n<!-- \/wp:paragraph -->\r\n\r\n<!-- wp:quote -->\r\n<blockquote class=\"wp-block-quote\"><p>Hi there! I'm a bike messenger by day, aspiring actor by night, and this is my website. I live in Los Angeles, have a great dog named Jack, and I like pi\u00f1a coladas. (And gettin' caught in the rain.)<\/p><\/blockquote>\r\n<!-- \/wp:quote -->\r\n\r\n<!-- wp:paragraph -->\r\n<p>...or something like this:<\/p>\r\n<!-- \/wp:paragraph -->\r\n\r\n<!-- wp:quote -->\r\n<blockquote class=\"wp-block-quote\"><p>The XYZ Doohickey Company was founded in 1971, and has been providing quality doohickeys to the public ever since. Located in Gotham City, XYZ employs over 2,000 people and does all kinds of awesome things for the Gotham community.<\/p><\/blockquote>\r\n<!-- \/wp:quote -->\r\n\r\n<!-- wp:paragraph -->\r\n<p>As a new WordPress user, you should go to <a href=\"https:\/\/fondazionefilippofattori.it\/wp-admin\/\">your dashboard<\/a> to delete this page and create new pages for your content. Have fun!<\/p>\r\n<!-- \/wp:paragraph -->","_et_gb_content_width":"","footnotes":""},"class_list":["post-96","page","type-page","status-publish","hentry"],"yoast_head":"<!-- This site is optimized with the Yoast SEO plugin v21.0 - https:\/\/yoast.com\/wordpress\/plugins\/seo\/ -->\n<title>Chi Siamo - Fondazione Filippo Fattori<\/title>\n<meta name=\"robots\" content=\"index, follow, max-snippet:-1, max-image-preview:large, max-video-preview:-1\" \/>\n<link rel=\"canonical\" href=\"https:\/\/fondazionefilippofattori.it\/index.php\/chi-siamo\/\" \/>\n<meta property=\"og:locale\" content=\"it_IT\" \/>\n<meta property=\"og:type\" content=\"article\" \/>\n<meta property=\"og:title\" content=\"Chi Siamo - Fondazione Filippo Fattori\" \/>\n<meta property=\"og:description\" content=\"Chi siamoNotizie sulla FondazioneLa Fondazione si \u00e8 costituita nell&#039;anno 1990 con atto Notaio D&#039;Ovidio; nell&#039;anno 1991 ha ottenuto il riconoscimento dallo Stato e successivamente la qualifica di O.N.L.U.S. e in base alla recente normativa ha assunto la figura di E.T.S. regolarmente iscritta al RUTS Nell&#039;anno 1993 ha bandito una Borsa di studio di L. 12.000.000 [&hellip;]\" \/>\n<meta property=\"og:url\" content=\"https:\/\/fondazionefilippofattori.it\/index.php\/chi-siamo\/\" \/>\n<meta property=\"og:site_name\" content=\"Fondazione Filippo Fattori\" \/>\n<meta property=\"article:modified_time\" content=\"2025-04-07T16:22:36+00:00\" \/>\n<meta name=\"twitter:card\" content=\"summary_large_image\" \/>\n<meta name=\"twitter:label1\" content=\"Tempo di lettura stimato\" \/>\n\t<meta name=\"twitter:data1\" content=\"4 minuti\" \/>\n<script type=\"application\/ld+json\" class=\"yoast-schema-graph\">{\"@context\":\"https:\/\/schema.org\",\"@graph\":[{\"@type\":\"WebPage\",\"@id\":\"https:\/\/fondazionefilippofattori.it\/index.php\/chi-siamo\/\",\"url\":\"https:\/\/fondazionefilippofattori.it\/index.php\/chi-siamo\/\",\"name\":\"Chi Siamo - Fondazione Filippo Fattori\",\"isPartOf\":{\"@id\":\"https:\/\/fondazionefilippofattori.it\/#website\"},\"datePublished\":\"2023-03-27T17:39:23+00:00\",\"dateModified\":\"2025-04-07T16:22:36+00:00\",\"breadcrumb\":{\"@id\":\"https:\/\/fondazionefilippofattori.it\/index.php\/chi-siamo\/#breadcrumb\"},\"inLanguage\":\"it-IT\",\"potentialAction\":[{\"@type\":\"ReadAction\",\"target\":[\"https:\/\/fondazionefilippofattori.it\/index.php\/chi-siamo\/\"]}]},{\"@type\":\"BreadcrumbList\",\"@id\":\"https:\/\/fondazionefilippofattori.it\/index.php\/chi-siamo\/#breadcrumb\",\"itemListElement\":[{\"@type\":\"ListItem\",\"position\":1,\"name\":\"Home\",\"item\":\"https:\/\/fondazionefilippofattori.it\/\"},{\"@type\":\"ListItem\",\"position\":2,\"name\":\"Chi Siamo\"}]},{\"@type\":\"WebSite\",\"@id\":\"https:\/\/fondazionefilippofattori.it\/#website\",\"url\":\"https:\/\/fondazionefilippofattori.it\/\",\"name\":\"Fondazione Filippo Fattori\",\"description\":\"\",\"potentialAction\":[{\"@type\":\"SearchAction\",\"target\":{\"@type\":\"EntryPoint\",\"urlTemplate\":\"https:\/\/fondazionefilippofattori.it\/?s={search_term_string}\"},\"query-input\":\"required name=search_term_string\"}],\"inLanguage\":\"it-IT\"}]}<\/script>\n<!-- \/ Yoast SEO plugin. -->","yoast_head_json":{"title":"Chi Siamo - Fondazione Filippo Fattori","robots":{"index":"index","follow":"follow","max-snippet":"max-snippet:-1","max-image-preview":"max-image-preview:large","max-video-preview":"max-video-preview:-1"},"canonical":"https:\/\/fondazionefilippofattori.it\/index.php\/chi-siamo\/","og_locale":"it_IT","og_type":"article","og_title":"Chi Siamo - Fondazione Filippo Fattori","og_description":"Chi siamoNotizie sulla FondazioneLa Fondazione si \u00e8 costituita nell'anno 1990 con atto Notaio D'Ovidio; nell'anno 1991 ha ottenuto il riconoscimento dallo Stato e successivamente la qualifica di O.N.L.U.S. e in base alla recente normativa ha assunto la figura di E.T.S. regolarmente iscritta al RUTS Nell'anno 1993 ha bandito una Borsa di studio di L. 12.000.000 [&hellip;]","og_url":"https:\/\/fondazionefilippofattori.it\/index.php\/chi-siamo\/","og_site_name":"Fondazione Filippo Fattori","article_modified_time":"2025-04-07T16:22:36+00:00","twitter_card":"summary_large_image","twitter_misc":{"Tempo di lettura stimato":"4 minuti"},"schema":{"@context":"https:\/\/schema.org","@graph":[{"@type":"WebPage","@id":"https:\/\/fondazionefilippofattori.it\/index.php\/chi-siamo\/","url":"https:\/\/fondazionefilippofattori.it\/index.php\/chi-siamo\/","name":"Chi Siamo - Fondazione Filippo Fattori","isPartOf":{"@id":"https:\/\/fondazionefilippofattori.it\/#website"},"datePublished":"2023-03-27T17:39:23+00:00","dateModified":"2025-04-07T16:22:36+00:00","breadcrumb":{"@id":"https:\/\/fondazionefilippofattori.it\/index.php\/chi-siamo\/#breadcrumb"},"inLanguage":"it-IT","potentialAction":[{"@type":"ReadAction","target":["https:\/\/fondazionefilippofattori.it\/index.php\/chi-siamo\/"]}]},{"@type":"BreadcrumbList","@id":"https:\/\/fondazionefilippofattori.it\/index.php\/chi-siamo\/#breadcrumb","itemListElement":[{"@type":"ListItem","position":1,"name":"Home","item":"https:\/\/fondazionefilippofattori.it\/"},{"@type":"ListItem","position":2,"name":"Chi Siamo"}]},{"@type":"WebSite","@id":"https:\/\/fondazionefilippofattori.it\/#website","url":"https:\/\/fondazionefilippofattori.it\/","name":"Fondazione Filippo Fattori","description":"","potentialAction":[{"@type":"SearchAction","target":{"@type":"EntryPoint","urlTemplate":"https:\/\/fondazionefilippofattori.it\/?s={search_term_string}"},"query-input":"required name=search_term_string"}],"inLanguage":"it-IT"}]}},"_links":{"self":[{"href":"https:\/\/fondazionefilippofattori.it\/index.php\/wp-json\/wp\/v2\/pages\/96","targetHints":{"allow":["GET"]}}],"collection":[{"href":"https:\/\/fondazionefilippofattori.it\/index.php\/wp-json\/wp\/v2\/pages"}],"about":[{"href":"https:\/\/fondazionefilippofattori.it\/index.php\/wp-json\/wp\/v2\/types\/page"}],"author":[{"embeddable":true,"href":"https:\/\/fondazionefilippofattori.it\/index.php\/wp-json\/wp\/v2\/users\/1"}],"replies":[{"embeddable":true,"href":"https:\/\/fondazionefilippofattori.it\/index.php\/wp-json\/wp\/v2\/comments?post=96"}],"version-history":[{"count":37,"href":"https:\/\/fondazionefilippofattori.it\/index.php\/wp-json\/wp\/v2\/pages\/96\/revisions"}],"predecessor-version":[{"id":642,"href":"https:\/\/fondazionefilippofattori.it\/index.php\/wp-json\/wp\/v2\/pages\/96\/revisions\/642"}],"wp:attachment":[{"href":"https:\/\/fondazionefilippofattori.it\/index.php\/wp-json\/wp\/v2\/media?parent=96"}],"curies":[{"name":"wp","href":"https:\/\/api.w.org\/{rel}","templated":true}]}}